{"id":11,"date":"2022-03-04T17:44:18","date_gmt":"2022-03-04T16:44:18","guid":{"rendered":"http:\/\/globalvillage.fr\/emi\/?page_id=11"},"modified":"2026-03-30T19:11:34","modified_gmt":"2026-03-30T17:11:34","slug":"a-propos-de","status":"publish","type":"page","link":"https:\/\/globalvillage.fr\/emi\/a-propos-de\/","title":{"rendered":"r\u00e9f\u00e9rences"},"content":{"rendered":"\n<p><\/p>\n\n\n\n<h2 class=\"wp-block-heading has-background\" style=\"background-color:#a7da99\">\u00ab&nbsp;The new electronic interdependence recreates the world in the image of a global village.&nbsp;\u00bb<\/h2>\n\n\n\n<p>Marshall McLuhan, 1962<\/p>\n\n\n\n<div style=\"height:100px\" aria-hidden=\"true\" class=\"wp-block-spacer\"><\/div>\n\n\n\n<h2 class=\"wp-block-heading\">r\u00e9f\u00e9rences<\/h2>\n\n\n\n<h4 class=\"wp-block-heading\">1989 &#8211; Information literacy<\/h4>\n\n\n\n<blockquote class=\"wp-block-quote is-layout-flow wp-block-quote-is-layout-flow\">\n<p>To be information literate, a person must be able to recognize when information is needed and have the ability to locate, evaluate and use effectively the needed information.<\/p>\n<cite>American Library Association<\/cite><\/blockquote>\n\n\n\n<h4 class=\"wp-block-heading\">2003 &#8211; D\u00e9claration de Prague<\/h4>\n\n\n\n<blockquote class=\"wp-block-quote is-layout-flow wp-block-quote-is-layout-flow\">\n<p>La comp\u00e9tence dans l&rsquo;usage de l&rsquo;information comprend la reconnaissance de ses besoins d&rsquo;information et les capacit\u00e9s d&rsquo;identifier, de trouver, d&rsquo;\u00e9valuer et d&rsquo;organiser l&rsquo;information \u2013 ainsi que de la cr\u00e9er, de l&rsquo;utiliser et de la communiquer efficacement en vue de traiter des questions ou des probl\u00e8mes qui se posent; elle est pr\u00e9alable \u00e0 une pleine participation \u00e0 la soci\u00e9t\u00e9 de l&rsquo;information et fait partie du droit humain primordial d&rsquo;apprendre tout au long de la vie.<\/p>\n<cite>D\u00e9claration de Prague : vers une soci\u00e9t\u00e9 comp\u00e9tente dans l&rsquo;usage de l&rsquo;information, 2003. <strong><a href=\"https:\/\/www.enssib.fr\/bibliotheque-numerique\/notices\/1900-declaration-de-prague-vers-une-societe-competente-dans-l-usage-de-l-information\">https:\/\/www.enssib.fr\/bibliotheque-numerique\/notices\/1900-declaration-de-prague-vers-une-societe-competente-dans-l-usage-de-l-information<\/a><\/strong><\/cite><\/blockquote>\n\n\n\n<h4 class=\"wp-block-heading\">2005 &#8211; Alexandria Proclamation<\/h4>\n\n\n\n<blockquote class=\"wp-block-quote is-layout-flow wp-block-quote-is-layout-flow\">\n<p>\u00ab\u00a0Information literacy empowers people in all walks of life to seek, evaluate, use and create information effectively to achieve their personal, social, occupational and educational goals. It is a basic human right in a digital world and promotes social inclusion in all nations.\u00a0\u00bb<\/p>\n<cite>Alexandria Proclamation on Information Literacy and Lifelong Learning, 2005. Information literacy. United Nations Educational, Scientific and Cultural Organization. <a href=\"http:\/\/www.unesco.org\/new\/en\/communication-and-information\/access-to-knowledge\/information-literacy\">http:\/\/www.unesco.org\/new\/en\/communication-and-information\/access-to-knowledge\/information-literacy<\/a><\/cite><\/blockquote>\n\n\n\n<h4 class=\"wp-block-heading\">\ud83d\udcd4 2011 &#8211; Media and information literacy curriculum for teachers<\/h4>\n\n\n\n<blockquote class=\"wp-block-quote is-layout-flow wp-block-quote-is-layout-flow\">\n<p><\/p>\n\n\n\n<p><\/p>\n<cite><a href=\"https:\/\/unesdoc.unesco.org\/ark:\/48223\/pf0000192971\" target=\"_blank\" rel=\"noreferrer noopener\">https:\/\/unesdoc.unesco.org\/ark:\/48223\/pf0000192971<\/a><\/cite><\/blockquote>\n\n\n\n<p><\/p>\n\n\n\n<h4 class=\"wp-block-heading\">2015 &#8211; Recommandations de l&rsquo;IFLA pour la biblioth\u00e8que scolaire.<\/h4>\n\n\n\n<p><\/p>\n\n\n\n<p>International Federation of Library Associations and Institutions, 2015.<\/p>\n\n\n\n<p>Version traduite en fran\u00e7ais en 2018 : <a href=\"https:\/\/repository.ifla.org\/bitstream\/123456789\/59\/1\/ifla-school-library-guidelines-fr.pdf\" target=\"_blank\" rel=\"noreferrer noopener\">https:\/\/repository.ifla.org\/bitstream\/123456789\/59\/1\/ifla-school-library-guidelines-fr.pdf<\/a><\/p>\n\n\n\n<blockquote class=\"wp-block-quote is-layout-flow wp-block-quote-is-layout-flow\">\n<p>Recommandation 13. Les activit\u00e9s p\u00e9dagogiques principales d\u2019un biblioth\u00e9caire scolaire doivent se concentrer sur : l\u2019apprentissage de la langue et la promotion de la lecture ; l\u2019enseignement d\u2019une litt\u00e9ratie des m\u00e9dias et de l\u2019information ; l\u2019enseignement bas\u00e9 sur la d\u00e9marche d\u2019investigation ; l\u2019int\u00e9gration des technologies ; l&rsquo;\u00e9volution professionnelle des enseignants. <\/p>\n<\/blockquote>\n\n\n\n<h4 class=\"wp-block-heading\">2018 &#8211; Digital Education Vision for the European Schools system<\/h4>\n\n\n\n<p><\/p>\n\n\n\n<blockquote class=\"wp-block-quote is-layout-flow wp-block-quote-is-layout-flow\">\n<p><a href=\"https:\/\/www.eursc.eu\/BasicTexts\/2018-12-D-7-en-4.pdf\">https:\/\/www.eursc.eu\/BasicTexts\/2018-12-D-7-en-4.pdf<\/a><\/p>\n\n\n\n<p><a rel=\"noreferrer noopener\" href=\"https:\/\/www.eursc.eu\/BasicTexts\/2018-12-D-7-fr-4.pdf\" target=\"_blank\">https:\/\/www.eursc.eu\/BasicTexts\/2018-12-D-7-fr-4.pdf<\/a><\/p>\n<cite>https:\/\/www.eursc.eu\/<\/cite><\/blockquote>\n\n\n\n<h4 class=\"wp-block-heading\">2020 &#8211; Digital Competence Framework for the European Schools<\/h4>\n\n\n\n<blockquote class=\"wp-block-quote is-layout-flow wp-block-quote-is-layout-flow\">\n<p>Every pupil and student develops throughout his\/her European School education the digital competence to foster confident, critical, responsible and creative use of, and engagement with, digital technologies for learning, at work, and for participation in society.<\/p>\n\n\n\n<p><a rel=\"noreferrer noopener\" href=\"https:\/\/www.eursc.eu\/BasicTexts\/2020-09-D-51-fr-2.pdf\" target=\"_blank\">https:\/\/www.eursc.eu\/BasicTexts\/2020-09-D-51-fr-2.pdf<\/a><\/p>\n\n\n\n<p><a href=\"https:\/\/www.eursc.eu\/BasicTexts\/2020-09-D-51-en-2.pdf\">https:\/\/www.eursc.eu\/BasicTexts\/2020-09-D-51-en-2.pdf<\/a><\/p>\n\n\n\n<p><\/p>\n<cite>https:\/\/www.eursc.eu\/<\/cite><\/blockquote>\n\n\n\n<h4 class=\"wp-block-heading\">2021 &#8211; R\u00e9solution de l&rsquo;ONU &#8211; 24 to 31 October of each year  : the Global Media and Information Literacy Week<\/h4>\n\n\n\n<blockquote class=\"wp-block-quote is-layout-flow wp-block-quote-is-layout-flow\">\n<p>[&#8230;] to commemorate Global Media and Information Literacy Week in the way that each considers most appropriate, including by focusing on commemorative, educational and public awareness activities that tackle the issue of disinformation and misinformation, within their existing resources;<\/p>\n<cite>https:\/\/undocs.org\/en\/A\/RES\/75\/267<\/cite><\/blockquote>\n\n\n\n<h4 class=\"wp-block-heading\">\ud83d\udcd4 2021 &#8211; Media and information literate citizens: think critically, click wisely!<\/h4>\n\n\n\n<blockquote class=\"wp-block-quote is-layout-flow wp-block-quote-is-layout-flow\">\n<p>MEDIA &amp; INFORMATION LITERACY CURRICULUM FOR EDUCATORS &amp; LEARNERS<\/p>\n<cite><a href=\"https:\/\/unesdoc.unesco.org\/ark:\/48223\/pf0000377068\" target=\"_blank\" rel=\"noreferrer noopener\">https:\/\/unesdoc.unesco.org\/ark:\/48223\/pf0000377068<\/a><\/cite><\/blockquote>\n\n\n\n<div style=\"height:227px\" aria-hidden=\"true\" class=\"wp-block-spacer\"><\/div>\n\n\n\n<h2 class=\"wp-block-heading\" id=\"single\" style=\"font-size:clamp(24.034px, 1.502rem + ((1vw - 3.2px) * 1.174), 40px);\">Information literacy<\/h2>\n\n\n\n<p><\/p>\n\n\n\n<figure class=\"wp-block-embed is-type-video is-provider-youtube wp-block-embed-youtube wp-embed-aspect-16-9 wp-has-aspect-ratio\"><div class=\"wp-block-embed__wrapper\">\n<iframe loading=\"lazy\" title=\"5 Components of Information Literacy\" width=\"500\" height=\"281\" src=\"https:\/\/www.youtube.com\/embed\/1ronp6Iue9w?feature=oembed\" frameborder=\"0\" allow=\"accelerometer; autoplay; clipboard-write; encrypted-media; gyroscope; picture-in-picture; web-share\" referrerpolicy=\"strict-origin-when-cross-origin\" allowfullscreen><\/iframe>\n<\/div><\/figure>\n\n\n\n<p><\/p>\n\n\n\n<p><\/p>\n\n\n\n<h2 class=\"wp-block-heading\">\u00e9ducation aux m\u00e9dias et \u00e0 l&rsquo;information<\/h2>\n\n\n\n<p><\/p>\n\n\n\n<blockquote class=\"wp-block-quote is-layout-flow wp-block-quote-is-layout-flow\">\n<p>Par l\u2019\u00e9ducation aux m\u00e9dias et \u00e0 l\u2019information, les \u00e9l\u00e8ves apprennent \u00e0 devenir des citoyens responsables dans une soci\u00e9t\u00e9 marqu\u00e9e par la multiplication et l\u2019acc\u00e9l\u00e9ration des flux d\u2019information. Ils d\u00e9veloppent leur esprit critique et sont capables d\u2019agir de mani\u00e8re \u00e9clair\u00e9e pour chercher, recevoir, produire et diffuser des informations via des m\u00e9dias de plus en plus diversifi\u00e9s.<\/p>\n<cite><a href=\"https:\/\/eduscol.education.fr\/1531\/education-aux-medias-et-l-information\">https:\/\/eduscol.education.fr\/1531\/education-aux-medias-et-l-information<\/a><\/cite><\/blockquote>\n\n\n\n<blockquote class=\"wp-block-quote is-layout-flow wp-block-quote-is-layout-flow\">\n<p><\/p>\n<cite><a href=\"https:\/\/www.education.gouv.fr\/bo\/22\/Hebdo4\/MENE2202370C.htm\">https:\/\/www.education.gouv.fr\/bo\/22\/Hebdo4\/MENE2202370C.htm<\/a><\/cite><\/blockquote>\n\n\n\n<hr class=\"wp-block-separator has-css-opacity\"\/>\n\n\n\n<h2 class=\"wp-block-heading has-accent-background-color has-background\">professeur documentaliste : quelles missions ?<\/h2>\n\n\n\n<p><a href=\"https:\/\/www.education.gouv.fr\/bo\/17\/Hebdo13\/MENE1708402C.htm\">https:\/\/www.education.gouv.fr\/bo\/17\/Hebdo13\/MENE1708402C.htm<\/a><\/p>\n\n\n\n<p class=\"has-subtle-background-background-color has-background\">1- Le professeur documentaliste, enseignant et ma\u00eetre d&rsquo;\u0153uvre de l&rsquo;acquisition par tous les \u00e9l\u00e8ves d&rsquo;une culture de l&rsquo;information et des m\u00e9dias<\/p>\n\n\n\n<p class=\"has-subtle-background-background-color has-background\">2- Le professeur documentaliste ma\u00eetre d&rsquo;\u0153uvre de l&rsquo;organisation des ressources documentaires de l&rsquo;\u00e9tablissement et de leur mise \u00e0 disposition<\/p>\n\n\n\n<p class=\"has-subtle-background-background-color has-background\">3- Le professeur documentaliste acteur de l&rsquo;ouverture de l&rsquo;\u00e9tablissement sur son environnement \u00e9ducatif, culturel et professionnel<\/p>\n\n\n\n<div style=\"height:328px\" aria-hidden=\"true\" class=\"wp-block-spacer\"><\/div>\n\n\n\n<p><\/p>\n\n\n\n<p><\/p>\n\n\n\n<hr class=\"wp-block-separator has-css-opacity\"\/>\n\n\n\n<div class=\"wp-block-columns is-layout-flex wp-container-core-columns-is-layout-d0b3c9c8 wp-block-columns-is-layout-flex\">\n<div class=\"wp-block-column is-layout-flow wp-block-column-is-layout-flow\">\n<h2 class=\"wp-block-heading\">European Guidelines<\/h2>\n\n\n\n<div class=\"wp-block-columns is-layout-flex wp-container-core-columns-is-layout-d0b3c9c8 wp-block-columns-is-layout-flex\">\n<div class=\"wp-block-column has-background is-layout-flow wp-block-column-is-layout-flow\" style=\"background-color:#f9efe3;padding-top:10px;padding-right:10px;padding-bottom:10px;padding-left:10px\">\n<h4 class=\"wp-block-heading\">The eight key competencies<\/h4>\n\n\n\n<ul class=\"wp-block-list\">\n<li>literacy competence;<\/li>\n\n\n\n<li>multilingual competence;<\/li>\n\n\n\n<li>mathematical competence and competence in science, technology and engineering;<\/li>\n\n\n\n<li>digital competence;<\/li>\n\n\n\n<li>personal, social and learning to learn competence;<\/li>\n\n\n\n<li>civic competence;<\/li>\n\n\n\n<li>entrepreneurship competence;<\/li>\n\n\n\n<li>cultural awareness and expression competence.<\/li>\n<\/ul>\n<\/div>\n\n\n\n<div class=\"wp-block-column has-background is-layout-flow wp-block-column-is-layout-flow\" style=\"background-color:#f7dddd;padding-top:10px;padding-right:10px;padding-bottom:10px;padding-left:10px\">\n<h4 class=\"wp-block-heading\">Les huit comp\u00e9tences cl\u00e9s<\/h4>\n\n\n\n<ul class=\"wp-block-list\">\n<li>comp\u00e9tences en lecture et \u00e9criture<\/li>\n\n\n\n<li>comp\u00e9tences langagi\u00e8res<\/li>\n\n\n\n<li>comp\u00e9tences math\u00e9matiques et en sciences, technologies et techniques<\/li>\n\n\n\n<li>comp\u00e9tences num\u00e9riques<\/li>\n\n\n\n<li>comp\u00e9tences personnelles, sociales et \u00absavoir apprendre\u00bb<\/li>\n\n\n\n<li>comp\u00e9tences citoyennes<\/li>\n\n\n\n<li>comp\u00e9tences entrepreneuriales<\/li>\n\n\n\n<li>sensibilit\u00e9 culturelle et capacit\u00e9s expressives<\/li>\n<\/ul>\n<\/div>\n<\/div>\n<\/div>\n<\/div>\n\n\n\n<p><\/p>\n\n\n\n<p><\/p>\n","protected":false},"excerpt":{"rendered":"<p>\u00ab&nbsp;The new electronic interdependence recreates the world in the image of a global village.&nbsp;\u00bb Marshall McLuhan, 1962 r\u00e9f\u00e9rences 1989 &#8211; Information literacy To be information literate, a person must be able to recognize when information is needed and have the ability to locate, evaluate and use effectively the needed information. American Library Association 2003 &#8211; [&hellip;]<\/p>\n","protected":false},"author":1,"featured_media":0,"parent":0,"menu_order":0,"comment_status":"closed","ping_status":"closed","template":"","meta":{"footnotes":""},"class_list":["post-11","page","type-page","status-publish","hentry"],"_links":{"self":[{"href":"https:\/\/globalvillage.fr\/emi\/wp-json\/wp\/v2\/pages\/11","targetHints":{"allow":["GET"]}}],"collection":[{"href":"https:\/\/globalvillage.fr\/emi\/wp-json\/wp\/v2\/pages"}],"about":[{"href":"https:\/\/globalvillage.fr\/emi\/wp-json\/wp\/v2\/types\/page"}],"author":[{"embeddable":true,"href":"https:\/\/globalvillage.fr\/emi\/wp-json\/wp\/v2\/users\/1"}],"replies":[{"embeddable":true,"href":"https:\/\/globalvillage.fr\/emi\/wp-json\/wp\/v2\/comments?post=11"}],"version-history":[{"count":62,"href":"https:\/\/globalvillage.fr\/emi\/wp-json\/wp\/v2\/pages\/11\/revisions"}],"predecessor-version":[{"id":1721,"href":"https:\/\/globalvillage.fr\/emi\/wp-json\/wp\/v2\/pages\/11\/revisions\/1721"}],"wp:attachment":[{"href":"https:\/\/globalvillage.fr\/emi\/wp-json\/wp\/v2\/media?parent=11"}],"curies":[{"name":"wp","href":"https:\/\/api.w.org\/{rel}","templated":true}]}}

références

<p></p>



<h2 class="wp-block-heading has-background" style="background-color:#a7da99">«&nbsp;The new electronic interdependence recreates the world in the image of a global village.&nbsp;»</h2>



<p>Marshall McLuhan, 1962</p>



<div style="height:100px" aria-hidden="true" class="wp-block-spacer"></div>



<h2 class="wp-block-heading">références</h2>



<h4 class="wp-block-heading">1989 &#8211; Information literacy</h4>



<blockquote class="wp-block-quote is-layout-flow wp-block-quote-is-layout-flow">
<p>To be information literate, a person must be able to recognize when information is needed and have the ability to locate, evaluate and use effectively the needed information.</p>
<cite>American Library Association</cite></blockquote>



<h4 class="wp-block-heading">2003 &#8211; Déclaration de Prague</h4>



<blockquote class="wp-block-quote is-layout-flow wp-block-quote-is-layout-flow">
<p>La compétence dans l&rsquo;usage de l&rsquo;information comprend la reconnaissance de ses besoins d&rsquo;information et les capacités d&rsquo;identifier, de trouver, d&rsquo;évaluer et d&rsquo;organiser l&rsquo;information – ainsi que de la créer, de l&rsquo;utiliser et de la communiquer efficacement en vue de traiter des questions ou des problèmes qui se posent; elle est préalable à une pleine participation à la société de l&rsquo;information et fait partie du droit humain primordial d&rsquo;apprendre tout au long de la vie.</p>
<cite>Déclaration de Prague : vers une société compétente dans l&rsquo;usage de l&rsquo;information, 2003. <strong><a href="https://www.enssib.fr/bibliotheque-numerique/notices/1900-declaration-de-prague-vers-une-societe-competente-dans-l-usage-de-l-information">https://www.enssib.fr/bibliotheque-numerique/notices/1900-declaration-de-prague-vers-une-societe-competente-dans-l-usage-de-l-information</a></strong></cite></blockquote>



<h4 class="wp-block-heading">2005 &#8211; Alexandria Proclamation</h4>



<blockquote class="wp-block-quote is-layout-flow wp-block-quote-is-layout-flow">
<p>« Information literacy empowers people in all walks of life to seek, evaluate, use and create information effectively to achieve their personal, social, occupational and educational goals. It is a basic human right in a digital world and promotes social inclusion in all nations. »</p>
<cite>Alexandria Proclamation on Information Literacy and Lifelong Learning, 2005. Information literacy. United Nations Educational, Scientific and Cultural Organization. <a href="http://www.unesco.org/new/en/communication-and-information/access-to-knowledge/information-literacy">http://www.unesco.org/new/en/communication-and-information/access-to-knowledge/information-literacy</a></cite></blockquote>



<h4 class="wp-block-heading">📔 2011 &#8211; Media and information literacy curriculum for teachers</h4>



<blockquote class="wp-block-quote is-layout-flow wp-block-quote-is-layout-flow">
<p></p>



<p></p>
<cite><a href="https://unesdoc.unesco.org/ark:/48223/pf0000192971" target="_blank" rel="noreferrer noopener">https://unesdoc.unesco.org/ark:/48223/pf0000192971</a></cite></blockquote>



<p></p>



<h4 class="wp-block-heading">2015 &#8211; Recommandations de l&rsquo;IFLA pour la bibliothèque scolaire.</h4>



<p></p>



<p>International Federation of Library Associations and Institutions, 2015.</p>



<p>Version traduite en français en 2018 : <a href="https://repository.ifla.org/bitstream/123456789/59/1/ifla-school-library-guidelines-fr.pdf" target="_blank" rel="noreferrer noopener">https://repository.ifla.org/bitstream/123456789/59/1/ifla-school-library-guidelines-fr.pdf</a></p>



<blockquote class="wp-block-quote is-layout-flow wp-block-quote-is-layout-flow">
<p>Recommandation 13. Les activités pédagogiques principales d’un bibliothécaire scolaire doivent se concentrer sur : l’apprentissage de la langue et la promotion de la lecture ; l’enseignement d’une littératie des médias et de l’information ; l’enseignement basé sur la démarche d’investigation ; l’intégration des technologies ; l&rsquo;évolution professionnelle des enseignants. </p>
</blockquote>



<h4 class="wp-block-heading">2018 &#8211; Digital Education Vision for the European Schools system</h4>



<p></p>



<blockquote class="wp-block-quote is-layout-flow wp-block-quote-is-layout-flow">
<p><a href="https://www.eursc.eu/BasicTexts/2018-12-D-7-en-4.pdf">https://www.eursc.eu/BasicTexts/2018-12-D-7-en-4.pdf</a></p>



<p><a rel="noreferrer noopener" href="https://www.eursc.eu/BasicTexts/2018-12-D-7-fr-4.pdf" target="_blank">https://www.eursc.eu/BasicTexts/2018-12-D-7-fr-4.pdf</a></p>
<cite>https://www.eursc.eu/</cite></blockquote>



<h4 class="wp-block-heading">2020 &#8211; Digital Competence Framework for the European Schools</h4>



<blockquote class="wp-block-quote is-layout-flow wp-block-quote-is-layout-flow">
<p>Every pupil and student develops throughout his/her European School education the digital competence to foster confident, critical, responsible and creative use of, and engagement with, digital technologies for learning, at work, and for participation in society.</p>



<p><a rel="noreferrer noopener" href="https://www.eursc.eu/BasicTexts/2020-09-D-51-fr-2.pdf" target="_blank">https://www.eursc.eu/BasicTexts/2020-09-D-51-fr-2.pdf</a></p>



<p><a href="https://www.eursc.eu/BasicTexts/2020-09-D-51-en-2.pdf">https://www.eursc.eu/BasicTexts/2020-09-D-51-en-2.pdf</a></p>



<p></p>
<cite>https://www.eursc.eu/</cite></blockquote>



<h4 class="wp-block-heading">2021 &#8211; Résolution de l&rsquo;ONU &#8211; 24 to 31 October of each year  : the Global Media and Information Literacy Week</h4>



<blockquote class="wp-block-quote is-layout-flow wp-block-quote-is-layout-flow">
<p>[&#8230;] to commemorate Global Media and Information Literacy Week in the way that each considers most appropriate, including by focusing on commemorative, educational and public awareness activities that tackle the issue of disinformation and misinformation, within their existing resources;</p>
<cite>https://undocs.org/en/A/RES/75/267</cite></blockquote>



<h4 class="wp-block-heading">📔 2021 &#8211; Media and information literate citizens: think critically, click wisely!</h4>



<blockquote class="wp-block-quote is-layout-flow wp-block-quote-is-layout-flow">
<p>MEDIA &amp; INFORMATION LITERACY CURRICULUM FOR EDUCATORS &amp; LEARNERS</p>
<cite><a href="https://unesdoc.unesco.org/ark:/48223/pf0000377068" target="_blank" rel="noreferrer noopener">https://unesdoc.unesco.org/ark:/48223/pf0000377068</a></cite></blockquote>



<div style="height:227px" aria-hidden="true" class="wp-block-spacer"></div>



<h2 class="wp-block-heading" id="single" style="font-size:clamp(24.034px, 1.502rem + ((1vw - 3.2px) * 1.174), 40px);">Information literacy</h2>



<p></p>



<figure class="wp-block-embed is-type-video is-provider-youtube wp-block-embed-youtube wp-embed-aspect-16-9 wp-has-aspect-ratio"><div class="wp-block-embed__wrapper">
<iframe loading="lazy" title="5 Components of Information Literacy" width="500" height="281" src="https://www.youtube.com/embed/1ronp6Iue9w?feature=oembed" frameborder="0" allow="accelerometer; autoplay; clipboard-write; encrypted-media; gyroscope; picture-in-picture; web-share" referrerpolicy="strict-origin-when-cross-origin" allowfullscreen></iframe>
</div></figure>



<p></p>



<p></p>



<h2 class="wp-block-heading">éducation aux médias et à l&rsquo;information</h2>



<p></p>



<blockquote class="wp-block-quote is-layout-flow wp-block-quote-is-layout-flow">
<p>Par l’éducation aux médias et à l’information, les élèves apprennent à devenir des citoyens responsables dans une société marquée par la multiplication et l’accélération des flux d’information. Ils développent leur esprit critique et sont capables d’agir de manière éclairée pour chercher, recevoir, produire et diffuser des informations via des médias de plus en plus diversifiés.</p>
<cite><a href="https://eduscol.education.fr/1531/education-aux-medias-et-l-information">https://eduscol.education.fr/1531/education-aux-medias-et-l-information</a></cite></blockquote>



<blockquote class="wp-block-quote is-layout-flow wp-block-quote-is-layout-flow">
<p></p>
<cite><a href="https://www.education.gouv.fr/bo/22/Hebdo4/MENE2202370C.htm">https://www.education.gouv.fr/bo/22/Hebdo4/MENE2202370C.htm</a></cite></blockquote>



<hr class="wp-block-separator has-css-opacity"/>



<h2 class="wp-block-heading has-accent-background-color has-background">professeur documentaliste : quelles missions ?</h2>



<p><a href="https://www.education.gouv.fr/bo/17/Hebdo13/MENE1708402C.htm">https://www.education.gouv.fr/bo/17/Hebdo13/MENE1708402C.htm</a></p>



<p class="has-subtle-background-background-color has-background">1- Le professeur documentaliste, enseignant et maître d&rsquo;œuvre de l&rsquo;acquisition par tous les élèves d&rsquo;une culture de l&rsquo;information et des médias</p>



<p class="has-subtle-background-background-color has-background">2- Le professeur documentaliste maître d&rsquo;œuvre de l&rsquo;organisation des ressources documentaires de l&rsquo;établissement et de leur mise à disposition</p>



<p class="has-subtle-background-background-color has-background">3- Le professeur documentaliste acteur de l&rsquo;ouverture de l&rsquo;établissement sur son environnement éducatif, culturel et professionnel</p>



<div style="height:328px" aria-hidden="true" class="wp-block-spacer"></div>



<p></p>



<p></p>



<hr class="wp-block-separator has-css-opacity"/>



<div class="wp-block-columns is-layout-flex wp-container-core-columns-is-layout-d0b3c9c8 wp-block-columns-is-layout-flex">
<div class="wp-block-column is-layout-flow wp-block-column-is-layout-flow">
<h2 class="wp-block-heading">European Guidelines</h2>



<div class="wp-block-columns is-layout-flex wp-container-core-columns-is-layout-d0b3c9c8 wp-block-columns-is-layout-flex">
<div class="wp-block-column has-background is-layout-flow wp-block-column-is-layout-flow" style="background-color:#f9efe3;padding-top:10px;padding-right:10px;padding-bottom:10px;padding-left:10px">
<h4 class="wp-block-heading">The eight key competencies</h4>



<ul class="wp-block-list">
<li>literacy competence;</li>



<li>multilingual competence;</li>



<li>mathematical competence and competence in science, technology and engineering;</li>



<li>digital competence;</li>



<li>personal, social and learning to learn competence;</li>



<li>civic competence;</li>



<li>entrepreneurship competence;</li>



<li>cultural awareness and expression competence.</li>
</ul>
</div>



<div class="wp-block-column has-background is-layout-flow wp-block-column-is-layout-flow" style="background-color:#f7dddd;padding-top:10px;padding-right:10px;padding-bottom:10px;padding-left:10px">
<h4 class="wp-block-heading">Les huit compétences clés</h4>



<ul class="wp-block-list">
<li>compétences en lecture et écriture</li>



<li>compétences langagières</li>



<li>compétences mathématiques et en sciences, technologies et techniques</li>



<li>compétences numériques</li>



<li>compétences personnelles, sociales et «savoir apprendre»</li>



<li>compétences citoyennes</li>



<li>compétences entrepreneuriales</li>



<li>sensibilité culturelle et capacités expressives</li>
</ul>
</div>
</div>
</div>
</div>



<p></p>



<p></p>

<p>«&nbsp;The new electronic interdependence recreates the world in the image of a global village.&nbsp;» Marshall McLuhan, 1962 références 1989 &#8211; Information literacy To be information literate, a person must be able to recognize when information is needed and have the ability to locate, evaluate and use effectively the needed information. American Library Association 2003 &#8211; [&hellip;]</p>
